{"id":16,"date":"2025-06-30T22:50:57","date_gmt":"2025-06-30T22:50:57","guid":{"rendered":"http:\/\/fimdoassedio.com.br\/?page_id=16"},"modified":"2025-07-04T14:45:55","modified_gmt":"2025-07-04T14:45:55","slug":"contato","status":"publish","type":"page","link":"https:\/\/fimdoassedio.com.br\/?page_id=16","title":{"rendered":"Contato"},"content":{"rendered":"\n<p>Fale Conosco e Leve <strong>&#8220;10X RESPEITO &#8211; EMPRESA LIVRE DE ASS\u00c9DIO&#8221; <\/strong>para sua Empresa.\u201d<\/p>\n\n\n\n<div style=\"height:17px\" aria-hidden=\"true\" class=\"wp-block-spacer\"><\/div>\n\n\n\n<p>Como Viu, Temos o Melhor e Mais Completo Projeto Para a Sua Empresa!<\/p>\n\n\n\n<p><strong>Informa\u00e7\u00f5es de Contato Diretas:<\/strong><\/p>\n\n\n\n<p><strong>E-mail:&nbsp;<\/strong><a href=\"mailto:edeniltonsalvador@gmail.com\"><strong>edeniltonsalvador@gmail.com<\/strong><\/a><strong>&nbsp;e informe 10X RESPEITO \u2013 EMPRESA LIVRE DE ASS\u00c9DIO.<\/strong><\/p>\n\n\n\n<p><strong>Telefone:&nbsp;WhatsApp:&nbsp;<\/strong><a href=\"https:\/\/wa.me\/5519997165599\"><strong>(19) 99716-55-99<\/strong><\/a><strong>&nbsp;e informe 10X RESPEITO \u2013 EMPRESA LIVRE DE ASS\u00c9DIO.<\/strong><\/p>\n\n\n\n<pre class=\"wp-block-verse\">Estamos prontos para ajudar sua empresa a construir um futuro com toler\u00e2ncia zero ao ass\u00e9dio e 10X MAIS RESPEITO - TOLER\u00c2NCIA ZERO AO ASS\u00c9DIO MORAL E SEXUAL! A mudan\u00e7a come\u00e7a em n\u00f3s.<\/pre>\n\n\n\n<blockquote class=\"wp-block-quote\"><p><strong><em>\u201cVamos ser a transforma\u00e7\u00e3o que queremos ver no mundo\u201d<\/em>&nbsp;(EDENILTON SALVADOR).<\/strong><\/p><\/blockquote>\n\n\n\n<div class=\"wp-block-columns\">\n<div class=\"wp-block-column\" style=\"flex-basis:50%\">\n<figure class=\"wp-block-image size-large\"><img loading=\"lazy\" width=\"1024\" height=\"1024\" src=\"http:\/\/fimdoassedio.com.br\/wp-content\/uploads\/2025\/07\/New-Template-Photoroom-1-1024x1024.png\" alt=\"\" class=\"wp-image-122\" srcset=\"https:\/\/fimdoassedio.com.br\/wp-content\/uploads\/2025\/07\/New-Template-Photoroom-1-1024x1024.png 1024w, https:\/\/fimdoassedio.com.br\/wp-content\/uploads\/2025\/07\/New-Template-Photoroom-1-300x300.png 300w, https:\/\/fimdoassedio.com.br\/wp-content\/uploads\/2025\/07\/New-Template-Photoroom-1-150x150.png 150w, https:\/\/fimdoassedio.com.br\/wp-content\/uploads\/2025\/07\/New-Template-Photoroom-1-768x768.png 768w, https:\/\/fimdoassedio.com.br\/wp-content\/uploads\/2025\/07\/New-Template-Photoroom-1.png 1080w\" sizes=\"(max-width: 1024px) 100vw, 1024px\" \/><\/figure>\n\n\n\n<p><\/p>\n<\/div>\n<\/div>\n\n\n\n<div class=\"wp-block-buttons\">\n<div class=\"wp-block-button\"><a class=\"wp-block-button__link\" href=\"https:\/\/wa.me\/5519997165599\">Ou solicite aqui uma PROPOSTA PERSONALIZADA<\/a><\/div>\n<\/div>\n\n\n\n<p><\/p>\n","protected":false},"excerpt":{"rendered":"<p>Fale Conosco e Leve &#8220;10X RESPEITO &#8211; EMPRESA LIVRE DE ASS\u00c9DIO&#8221; para sua Empresa.\u201d Como Viu, Temos o Melhor e Mais Completo Projeto Para a Sua Empresa! Informa\u00e7\u00f5es de Contato&hellip;<\/p>\n","protected":false},"author":1,"featured_media":0,"parent":0,"menu_order":0,"comment_status":"closed","ping_status":"closed","template":"","meta":[],"_links":{"self":[{"href":"https:\/\/fimdoassedio.com.br\/index.php?rest_route=\/wp\/v2\/pages\/16"}],"collection":[{"href":"https:\/\/fimdoassedio.com.br\/index.php?rest_route=\/wp\/v2\/pages"}],"about":[{"href":"https:\/\/fimdoassedio.com.br\/index.php?rest_route=\/wp\/v2\/types\/page"}],"author":[{"embeddable":true,"href":"https:\/\/fimdoassedio.com.br\/index.php?rest_route=\/wp\/v2\/users\/1"}],"replies":[{"embeddable":true,"href":"https:\/\/fimdoassedio.com.br\/index.php?rest_route=%2Fwp%2Fv2%2Fcomments&post=16"}],"version-history":[{"count":6,"href":"https:\/\/fimdoassedio.com.br\/index.php?rest_route=\/wp\/v2\/pages\/16\/revisions"}],"predecessor-version":[{"id":137,"href":"https:\/\/fimdoassedio.com.br\/index.php?rest_route=\/wp\/v2\/pages\/16\/revisions\/137"}],"wp:attachment":[{"href":"https:\/\/fimdoassedio.com.br\/index.php?rest_route=%2Fwp%2Fv2%2Fmedia&parent=16"}],"curies":[{"name":"wp","href":"https:\/\/api.w.org\/{rel}","templated":true}]}}